{"id":91,"date":"2025-08-29T11:06:58","date_gmt":"2025-08-29T17:06:58","guid":{"rendered":"https:\/\/prepa7.unam.mx\/portal\/?page_id=91"},"modified":"2025-09-17T15:03:34","modified_gmt":"2025-09-17T21:03:34","slug":"contacto","status":"publish","type":"page","link":"https:\/\/prepa7.unam.mx\/portal\/?page_id=91","title":{"rendered":"Contacto"},"content":{"rendered":"\n<figure class=\"wp-block-gallery has-nested-images columns-default is-cropped wp-block-gallery-1 is-layout-flex wp-block-gallery-is-layout-flex\">\n<figure class=\"wp-block-image size-full is-style-default\"><img fetchpriority=\"high\" decoding=\"async\" width=\"1200\" height=\"150\" data-id=\"276\" src=\"https:\/\/prepa7.unam.mx\/portal\/wp-content\/uploads\/2025\/09\/Contacto.png\" alt=\"Canales de contacto ENP 7, UNAM\" class=\"wp-image-276\" srcset=\"https:\/\/prepa7.unam.mx\/portal\/wp-content\/uploads\/2025\/09\/Contacto.png 1200w, https:\/\/prepa7.unam.mx\/portal\/wp-content\/uploads\/2025\/09\/Contacto-300x38.png 300w, https:\/\/prepa7.unam.mx\/portal\/wp-content\/uploads\/2025\/09\/Contacto-1024x128.png 1024w, https:\/\/prepa7.unam.mx\/portal\/wp-content\/uploads\/2025\/09\/Contacto-768x96.png 768w\" sizes=\"(max-width: 1200px) 100vw, 1200px\" \/><\/figure>\n<\/figure>\n\n\n\n<div class=\"wp-block-columns are-vertically-aligned-top has-small-font-size is-layout-flex wp-container-core-columns-is-layout-ec2e7a44 wp-block-columns-is-layout-flex\" style=\"padding-top:0;padding-bottom:0\">\n<div class=\"wp-block-column is-vertically-aligned-top is-layout-flow wp-container-core-column-is-layout-b108c007 wp-block-column-is-layout-flow\" style=\"padding-right:0;padding-left:0;flex-basis:33.33%\">\n<h3 class=\"wp-block-heading has-medium-font-size\">Domicilio<\/h3>\n\n\n\n<p>Czda. de la Viga No. 54, Colonia Merced Balbuena,<br>Venustiano Carranza,<br>M\u00e9xico, D.F., C.P. 15810<br>Ciudad de M\u00e9xico, M\u00e9xico<\/p>\n\n\n\n<div class=\"wp-block-group is-vertical is-content-justification-left is-nowrap is-layout-flex wp-container-core-group-is-layout-02104364 wp-block-group-is-layout-flex\" style=\"margin-top:0;margin-bottom:0;padding-top:0;padding-right:0;padding-bottom:0;padding-left:0\">\n<h4 class=\"wp-block-heading\">Correo<\/h4>\n\n\n\n<p>prepa7teapoya@enp.unam.mx<\/p>\n\n\n\n<div style=\"height:18px\" aria-hidden=\"true\" class=\"wp-block-spacer wp-container-content-7a8a7e73\"><\/div>\n\n\n\n<h4 class=\"wp-block-heading\">Tel\u00e9fono<\/h4>\n\n\n\n<p>(55) 5764-4031<\/p>\n<\/div>\n<\/div>\n\n\n\n<div class=\"wp-block-column is-vertically-aligned-top is-layout-flow wp-block-column-is-layout-flow\" style=\"flex-basis:66.66%\">\n<figure class=\"wp-block-image size-large has-custom-border is-style-default\"><img decoding=\"async\" width=\"1024\" height=\"625\" src=\"https:\/\/prepa7.unam.mx\/portal\/wp-content\/uploads\/2025\/09\/mapa_p7-1024x625.jpg\" alt=\"Google maps ENP 7, UNAM\" class=\"wp-image-269\" style=\"border-radius:10px\" srcset=\"https:\/\/prepa7.unam.mx\/portal\/wp-content\/uploads\/2025\/09\/mapa_p7-1024x625.jpg 1024w, https:\/\/prepa7.unam.mx\/portal\/wp-content\/uploads\/2025\/09\/mapa_p7-300x183.jpg 300w, https:\/\/prepa7.unam.mx\/portal\/wp-content\/uploads\/2025\/09\/mapa_p7-768x469.jpg 768w, https:\/\/prepa7.unam.mx\/portal\/wp-content\/uploads\/2025\/09\/mapa_p7.jpg 1065w\" sizes=\"(max-width: 1024px) 100vw, 1024px\" \/><\/figure>\n<\/div>\n<\/div>\n\n\n\n<hr class=\"wp-block-separator has-alpha-channel-opacity\"\/>\n\n\n\n<div class=\"wp-block-columns is-layout-flex wp-container-core-columns-is-layout-ec2e7a44 wp-block-columns-is-layout-flex\" style=\"padding-top:0;padding-bottom:0\">\n<div class=\"wp-block-column is-layout-flow wp-container-core-column-is-layout-f016c79b wp-block-column-is-layout-flow\" style=\"padding-top:0;padding-right:0;padding-bottom:0;padding-left:0;flex-basis:33.33%\">\n<h4 class=\"wp-block-heading has-small-font-size\">Clave de Centro de Trabajo<\/h4>\n\n\n\n<h4 class=\"wp-block-heading has-small-font-size\" style=\"padding-top:0;padding-bottom:0\">C. C. T.<\/h4>\n<\/div>\n\n\n\n<div class=\"wp-block-column is-layout-flow wp-block-column-is-layout-flow\" style=\"flex-basis:66.66%\">\n<p>09UBH0021H<\/p>\n<\/div>\n<\/div>\n\n\n\n<div style=\"height:61px\" aria-hidden=\"true\" class=\"wp-block-spacer\"><\/div>\n","protected":false},"excerpt":{"rendered":"<p>Domicilio Czda. de la Viga No. 54, Colonia Merced Balbuena,Venustiano Carranza,M\u00e9xico, D.F., C.P. 15810Ciudad de M\u00e9xico, M\u00e9xico Correo prepa7teapoya@enp.unam.mx Tel\u00e9fono [&hellip;]<\/p>\n","protected":false},"author":1,"featured_media":228,"parent":0,"menu_order":0,"comment_status":"closed","ping_status":"closed","template":"","meta":{"_uag_custom_page_level_css":"","site-sidebar-layout":"default","site-content-layout":"","ast-site-content-layout":"full-width-container","site-content-style":"unboxed","site-sidebar-style":"default","ast-global-header-display":"","ast-banner-title-visibility":"","ast-main-header-display":"","ast-hfb-above-header-display":"","ast-hfb-below-header-display":"","ast-hfb-mobile-header-display":"","site-post-title":"disabled","ast-breadcrumbs-content":"","ast-featured-img":"disabled","footer-sml-layout":"","ast-disable-related-posts":"","theme-transparent-header-meta":"","adv-header-id-meta":"","stick-header-meta":"","header-above-stick-meta":"","header-main-stick-meta":"","header-below-stick-meta":"","astra-migrate-meta-layouts":"default","ast-page-background-enabled":"default","ast-page-background-meta":{"desktop":{"background-color":"var(--ast-global-color-5)","background-image":"","background-repeat":"repeat","background-position":"center center","background-size":"auto","background-attachment":"scroll","background-type":"","background-media":"","overlay-type":"","overlay-color":"","overlay-opacity":"","overlay-gradient":""},"tablet":{"background-color":"","background-image":"","background-repeat":"repeat","background-position":"center center","background-size":"auto","background-attachment":"scroll","background-type":"","background-media":"","overlay-type":"","overlay-color":"","overlay-opacity":"","overlay-gradient":""},"mobile":{"background-color":"","background-image":"","background-repeat":"repeat","background-position":"center center","background-size":"auto","background-attachment":"scroll","background-type":"","background-media":"","overlay-type":"","overlay-color":"","overlay-opacity":"","overlay-gradient":""}},"ast-content-background-meta":{"desktop":{"background-color":"var(--ast-global-color-4)","background-image":"","background-repeat":"repeat","background-position":"center center","background-size":"auto","background-attachment":"scroll","background-type":"","background-media":"","overlay-type":"","overlay-color":"","overlay-opacity":"","overlay-gradient":""},"tablet":{"background-color":"var(--ast-global-color-4)","background-image":"","background-repeat":"repeat","background-position":"center center","background-size":"auto","background-attachment":"scroll","background-type":"","background-media":"","overlay-type":"","overlay-color":"","overlay-opacity":"","overlay-gradient":""},"mobile":{"background-color":"var(--ast-global-color-4)","background-image":"","background-repeat":"repeat","background-position":"center center","background-size":"auto","background-attachment":"scroll","background-type":"","background-media":"","overlay-type":"","overlay-color":"","overlay-opacity":"","overlay-gradient":""}},"footnotes":""},"class_list":["post-91","page","type-page","status-publish","has-post-thumbnail","hentry"],"uagb_featured_image_src":{"full":["https:\/\/prepa7.unam.mx\/portal\/wp-content\/uploads\/2025\/09\/Contacto.jpg",1200,600,false],"thumbnail":["https:\/\/prepa7.unam.mx\/portal\/wp-content\/uploads\/2025\/09\/Contacto-150x150.jpg",150,150,true],"medium":["https:\/\/prepa7.unam.mx\/portal\/wp-content\/uploads\/2025\/09\/Contacto-300x150.jpg",300,150,true],"medium_large":["https:\/\/prepa7.unam.mx\/portal\/wp-content\/uploads\/2025\/09\/Contacto-768x384.jpg",768,384,true],"large":["https:\/\/prepa7.unam.mx\/portal\/wp-content\/uploads\/2025\/09\/Contacto-1024x512.jpg",1024,512,true],"1536x1536":["https:\/\/prepa7.unam.mx\/portal\/wp-content\/uploads\/2025\/09\/Contacto.jpg",1200,600,false],"2048x2048":["https:\/\/prepa7.unam.mx\/portal\/wp-content\/uploads\/2025\/09\/Contacto.jpg",1200,600,false]},"uagb_author_info":{"display_name":"tecnico","author_link":"https:\/\/prepa7.unam.mx\/portal\/?author=1"},"uagb_comment_info":0,"uagb_excerpt":"Domicilio Czda. de la Viga No. 54, Colonia Merced Balbuena,Venustiano Carranza,M\u00e9xico, D.F., C.P. 15810Ciudad de M\u00e9xico, M\u00e9xico Correo prepa7teapoya@enp.unam.mx Tel\u00e9fono [&hellip;]","publishpress_future_action":{"enabled":false,"date":"2026-05-06 11:27:46","action":"change-status","newStatus":"draft","terms":[],"taxonomy":"","extraData":[]},"publishpress_future_workflow_manual_trigger":{"enabledWorkflows":[]},"_links":{"self":[{"href":"https:\/\/prepa7.unam.mx\/portal\/index.php?rest_route=\/wp\/v2\/pages\/91","targetHints":{"allow":["GET"]}}],"collection":[{"href":"https:\/\/prepa7.unam.mx\/portal\/index.php?rest_route=\/wp\/v2\/pages"}],"about":[{"href":"https:\/\/prepa7.unam.mx\/portal\/index.php?rest_route=\/wp\/v2\/types\/page"}],"author":[{"embeddable":true,"href":"https:\/\/prepa7.unam.mx\/portal\/index.php?rest_route=\/wp\/v2\/users\/1"}],"replies":[{"embeddable":true,"href":"https:\/\/prepa7.unam.mx\/portal\/index.php?rest_route=%2Fwp%2Fv2%2Fcomments&post=91"}],"version-history":[{"count":13,"href":"https:\/\/prepa7.unam.mx\/portal\/index.php?rest_route=\/wp\/v2\/pages\/91\/revisions"}],"predecessor-version":[{"id":308,"href":"https:\/\/prepa7.unam.mx\/portal\/index.php?rest_route=\/wp\/v2\/pages\/91\/revisions\/308"}],"wp:featuredmedia":[{"embeddable":true,"href":"https:\/\/prepa7.unam.mx\/portal\/index.php?rest_route=\/wp\/v2\/media\/228"}],"wp:attachment":[{"href":"https:\/\/prepa7.unam.mx\/portal\/index.php?rest_route=%2Fwp%2Fv2%2Fmedia&parent=91"}],"curies":[{"name":"wp","href":"https:\/\/api.w.org\/{rel}","templated":true}]}}